of o/(-20)*i*-1?
1
Let z = 122 - -154. What is the units digit of z?
6
Let i(v) = -v**3 - 5*v**2 - 4*v. Let q be i(-4). Suppose -x = -q*x. What is the units digit of 8 + (x/(-3))/3?
8
Let z(q) = 4*q - 1. Let f be z(1). Suppose 5*j + f + 2 = 0. What is the units digit of j/(1/((-1)/1))?
1
Let k(h) = h**2 - 3*h + 1. Let t be k(-13). Suppose 5*y = -2*q + t - 66, 4*q + 5*y - 281 = 0. What is the units digit of q?
9
Let j(n) = -n**3 + 9*n**2 + 6*n. Let q be j(9). Let l = q + -15. What is the units digit of l?
9
Suppose -17*n + 10631 - 2284 = 0. What is the tens digit of n?
9
Suppose 3*l = -l - 4. Let d be l + -1*(-1 + 14). Let o = -5 - d. What is the units digit of o?
9
Let l(z) = -2*z**3 - 9*z + 3*z + 12*z**2 + 7 + 3*z**3 + 1. Let a be l(-12). Suppose 2*w = 6*w - a. What is the units digit of w?
0
Let q(l) = -31*l**2 - 3*l + 4. Let t be q(-2). Let v = 12 - t. What is the tens digit of v?
2
Let g = 18 + -14. Suppose g*c = 131 + 45. What is the tens digit of c?
4
What is the units digit of ((-56)/(-5))/((-26)/(-1105))?
6
Suppose -c + 10059 = 4*t - 2*c, 12574 = 5*t - c. What is the thousands digit of t?
2
Let g(v) = -v - 22. Let z be g(-10). Let r = -15 - z. What is the tens digit of r/9 - (-140)/6?
2
Let q = 10 + -5. Let y(g) = -1 - q*g + 2 + 3*g + 18*g**2 + g. What is the tens digit of y(1)?
1
Let q(f) = f + 5. Let y be q(-6). Let n(v) = -18*v - 7. Let u(o) = 39*o + 16. Let p(t) = 7*n(t) + 3*u(t). What is the units digit of p(y)?
8
Let n(a) = -13*a + 8. Let v(p) = p**2 + 12*p - 9. Let g(z) = 3*n(z) + 2*v(z). What is the tens digit of g(9)?
3
Suppose 0 = 19*f - 6072 + 562. What is the tens digit of f?
9
Let x(z) = z**3 - 9*z**2 + 8*z + 7. Let i be x(8). Let s be i + -11 - (-1 - 1). Let t = s - -9. What is the units digit of t?
7
Suppose -4*x = 2*f - 7*x + 19, 4*f = 4*x - 44. What is the units digit of 288/f*336/(-36)?
2
Suppose -63*u + 52*u + 9889 = 0. What is the units digit of u?
9
What is the units digit of (-1)/((-4)/3528) + 0 + 0?
2
Suppose 5*i - 2*a - 2213 = 0, -3*i + i + 862 = 5*a. What is the tens digit of i?
4
What is the hundreds digit of (-11256)/(-49) - (-8)/28?
2
Suppose 0 = -4*n + 8, 5*h + 5*n - 228 = 282. What is the hundreds digit of h?
1
Let x = 977 + -79. What is the tens digit of x?
9
Let g = 883 + -550. What is the units digit of g?
3
Let m be (-4)/(-30) - (-43)/15. Suppose -m*s = 2*s - 55. What is the tens digit of s/((-1)/6*-2)?
3
Let y = 30 - 28. Suppose y*s = -2*s - 184. Let h = 85 + s. What is the units digit of h?
9
Suppose 8*h - 1341 = 979. Suppose i - s = -2*s + 58, 5*i = -4*s + h. What is the units digit of i?
8
Suppose 186*w + 24600 = 206*w. What is the units digit of w?
0
Suppose -2*r = -4*x - 10, -3*r + 8 = -2*x - 3. Let s(g) = -22*g - 4. What is the tens digit of s(x)?
1
Let j be (-12)/(-8)*(51 + -1). Suppose j = -3*s + 4*s. What is the units digit of s?
5
Suppose -28*a + 918 = -11*a. What is the tens digit of a?
5
Let f(j) = 5*j**2 - 2*j - 1. Let z be f(-1). Suppose z*g - g - 40 = 0. What is the units digit of g?
8
Let n(z) = -2*z**3 - 3*z**2 - z - 4. Suppose -2*k = 5*m - 21, 0 = m + k + 4 - 10. Suppose m + 6 = -3*d. What is the tens digit of n(d)?
2
Suppose 0 = 5*z - 2*l - 577 - 1162, 5*z + 5*l = 1760. What is the tens digit of z?
4
Suppose 5*y = -2*q + 13, 2*y + q - 2 = 3. Suppose 9*i - 10*i = -y. What is the units digit of i?
3
Let u(r) = r**2 + r - 4. Let k be u(-4). Let i(g) = g**3 - 8*g**2 - 2*g + 4. Let j be i(k). Let d = 18 + j. What is the units digit of d?
6
Let s(h) = 51*h**2 + 10*h - 30. What is the tens digit of s(3)?
5
What is the hundreds digit of (-2)/(-20)*-5 - 3827/(-2)?
9
Suppose 5*f + 37 - 112 = 0. Let i be f/(-2)*(-4)/(-3). What is the units digit of (-35)/i - (-2)/(-4)?
3
Suppose -2381 = -10*d - 541. What is the hundreds digit of d?
1
Suppose 8*f - 5*f = 0, -v + 5 = 3*f. Suppose 9 + v = 2*r. What is the units digit of r?
7
Let v(j) be the second derivative of -j**4/12 + 8*j**3/3 - 7*j**2 + 3*j. Let z be v(15). What is the units digit of (-98)/(-10) + z/5?
0
Suppose -5*c - 2 + 32 = 0. Let t be (28/c)/((-5)/120). Let i = -62 - t. What is the tens digit of i?
5
Suppose 7*o - 3893 = -3*n + 12*o, 0 = 3*o - 15. What is the tens digit of n?
0
Let a = -335 - -1445. What is the thousands digit of a?
1
Let t(y) = -26*y**2 - 3*y + 10*y**2 + 15*y**2. Let j be t(-3). What is the units digit of 6/1 + 1 + j?
7
Suppose 4*b = 2*b + 738. What is the tens digit of (-4)/6 + b/27?
1
Let l(z) = -z**2 + 34*z + 251. What is the units digit of l(38)?
9
Suppose 3*z - 8*z = -60. Suppose 0 = -9*c + z*c - 6. What is the units digit of c/(2 - (-40)/(-22))?
1
Let l be (-4)/(-18) - ((-2112)/(-27) - -2). Let u = 131 + l. What is the units digit of u?
1
Let s = 248 + -246. What is the units digit of s?
2
Let h = 6354 + -4298. What is the hundreds digit of h?
0
Suppose 17*f + 5120 = 37*f. What is the hundreds digit of f?
2
Suppose 0*k + 3*k = -4*y - 33, 3*y - k = -15. Let n(h) = -h**3 - 4*h**2 - h + 9. What is the tens digit of n(y)?
8
Suppose 3*t + 4*k - 290 = 0, t - 2*t + 102 = 4*k. What is the units digit of t?
4
Let r(t) = 52*t**2 - 10*t - 7. What is the tens digit of r(-4)?
6
Let g be 46/10 + (-2)/(-5). Let h = -13 + 83. Suppose -5 - h = -g*b. What is the tens digit of b?
1
Let q(w) = w**3 - 8*w**2 - 11*w - 1. Let d be q(9). Suppose 0 = -3*f - u + 68, -f - 2*u = -6*f + 128. Let l = d + f. What is the units digit of l?
5
Let q = 7306 + -3024. What is the tens digit of q?
8
Let v(i) = -17*i + 2. Let u be v(-3). Suppose 2*b - 25 = u. Suppose 3*j - 3*w - 33 = b, -2*j - 4*w = -54. What is the tens digit of j?
2
Let t(h) = 4*h**3 - 1 + 1 - 1 + 4 - 2*h**2. Let b be t(2). Let i = 79 - b. What is the tens digit of i?
5
Suppose 4*r + 4*r = -288. Let m = r + 59. What is the units digit of m?
3
Suppose 0 = 4*m + j - 1501, 4*m + 2*j - 40 = 1466. What is the hundreds digit of m?
3
Let h(n) = -n**3 + 9*n**2 + 10*n + 1. Let y be h(10). Suppose p = 2*c - y, -c - 3*p = 4*c - 8. What is the units digit of c/(-1*1/(-33))?
3
Let z = -162 + 162. Suppose 5*a - 11*a + 1518 = z. What is the units digit of a?
3
Let d = 223 + -132. What is the units digit of d?
1
Suppose -4*n - 52 = -2*j, -j - 2*n = -3*j + 54. What is the units digit of 1420/j - (-2 + (-24)/(-14))?
1
Let x(y) = y**3 - y**2 + 1. Let b(m) = -6*m**3 - 17*m**2 + 23*m + 11. Let n(v) = b(v) + 5*x(v). What is the tens digit of n(-23)?
1
What is the units digit of (13 + 1)/(7/224)?
8
Let c = 9275 + -5521. What is the hundreds digit of c?
7
Let m(c) = c**3 - 6*c**2 - 7*c + 5. Let z be m(7). Suppose 4*u - 9 - 7 = 0. Suppose 21 = w + z*k, -u*w + k + 2*k = -15. What is the units digit of w?
6
Suppose -s + 23 = 5*r, -s - 4*r + 0*r = -18. Let z = 0 - s. What is the tens digit of (-1)/z*(-43 - -5)?
1
Let z be (-6)/21 + 30/7. Let s(p) = 5*p - 5. What is the units digit of s(z)?
5
Suppose 4*f - 20 = s, 5*s = 3*f + 4 - 19. Suppose 4*k - 24 - 22 = -2*p, 3*k + 3 = s. What is the tens digit of p?
2
Suppose 3*w + v = 6*w - 14, -4*w - 2*v + 12 = 0. Suppose 6*a = w*a + 94. Suppose -k - k + 6 = -2*l, a = 5*k + 3*l. What is the units digit of k?
7
Suppose -p + 3 = 1. Suppose u + 90 = 3*t, 170 = 7*t - p*t + 5*u. What is the units digit of t?
1
Let h(t) = -t**3 + 3*t**2 - 2. Let j be h(2). Suppose -j*v + 587 = 2*r + 3*r, 3*r = 3*v + 348. What is the units digit of r?
7
Let y be ((-20)/6)/(7/126). Let l = -6 - y. What is the units digit of l?
4
Let f(m) = -m**3 - 20*m**2 - 52*m - 73. What is the tens digit of f(-20)?
6
Let d(s) = s**2 - 3*s - 6. Suppose 0 = 3*v - 269 + 5. Let c be v/11 + 0 + -1. What is the tens digit of d(c)?
2
Let a be 3*(0 - (-1 - 3/9)). What is the tens digit of ((-42)/(-4))/(2/a)?
2
Let t = 22 - 58. What is the units digit of (-3340)/t - (-5)/(135/6)?
3
Let t be (-42)/(-9) + 2/(-3). Let m(y) = 1 + 4 - y + 0*y - t*y + y**2. What is the tens digit of m(8)?
2
Let a = -19 + 31. Suppose 0 = a*o - 0*o - 888. What is the units digit of o?
4
Let m(o) = -o**2 + 6*o - 5. Let c be m(4). Suppose c*s - 3 = -18. Let q(f) = f + 6. What is the units digit of q(s)?
1
What is the tens digit of 3/18 + (-18740)/48*-2?
8
Suppose -6*j + j = 170. Let h = -14 - j. Suppose -c = -2*c + h. What is the tens digit of c?
2
Let a = -39 - -80. Let h(y) = y**3 + 15*y**2 + 14*y + 16. Let x be h(-14). Let j = a - x. Wha